Dec 01 23:53:25.509 INFO testing awslabs/fast-pseudoprimes against master#8940af3cea4a9a9deabcaf843b2f8cad9a83fc61 for beta-1.31-5
Dec 01 23:53:25.509 INFO running `"docker" "create" "-v" "/mnt/big/crater/work/local/target-dirs/beta-1.31-5/worker-2/master#8940af3cea4a9a9deabcaf843b2f8cad9a83fc61:/target:rw,Z" "-v" "/mnt/big/crater/work/local/test-source/worker-2/beta-1.31-5/master#8940af3cea4a9a9deabcaf843b2f8cad9a83fc61:/source:ro,Z" "-v" "/mnt/big/crater/work/local/cargo-home:/cargo-home:ro,Z" "-v" "/mnt/big/crater/work/local/rustup-home:/rustup-home:ro,Z" "-e" "USER_ID=1000" "-e" "SOURCE_DIR=/source" "-e" "USER_ID=1000" "-e" "CMD=cargo +8940af3cea4a9a9deabcaf843b2f8cad9a83fc61-alt build --frozen" "-e" "CARGO_TARGET_DIR=/target" "-e" "CARGO_INCREMENTAL=0" "-e" "RUST_BACKTRACE=full" "-e" "RUSTFLAGS=--cap-lints=warn" "-e" "CARGO_HOME=/cargo-home" "-e" "RUSTUP_HOME=/rustup-home" "-m" "1536M" "--network" "none" "crater"`
Dec 01 23:53:26.207 INFO [stdout] f3a18a93216410f41fe07843182b8541519ef077e79bb32f1f1568aa7283eb53
Dec 01 23:53:26.212 INFO running `"docker" "start" "-a" "f3a18a93216410f41fe07843182b8541519ef077e79bb32f1f1568aa7283eb53"`
Dec 01 23:53:27.575 INFO [stderr] usermod: no changes
Dec 01 23:53:27.695 INFO [stderr]    Compiling gmp-mpfr-sys v1.1.9
Dec 01 23:53:27.695 INFO [stderr]    Compiling rug v1.2.2
Dec 01 23:53:27.708 INFO [stderr]    Compiling num-integer v0.1.39
Dec 01 23:53:30.367 INFO [stderr]    Compiling modinverse v0.1.0
Dec 01 23:57:28.735 INFO [stderr]    Compiling pseudoprimes v0.1.0 (/source)
Dec 01 23:57:29.799 INFO [stderr] error[E0308]: mismatched types
Dec 01 23:57:29.799 INFO [stderr]   --> src/bloomfilter/mod.rs:90:13
Dec 01 23:57:29.799 INFO [stderr]    |
Dec 01 23:57:29.799 INFO [stderr] 90 |         let (node_id, mut f2) = filters.pop().unwrap();
Dec 01 23:57:29.799 INFO [stderr]    |             ^^^^^^^^^^^^^^^^^ expected struct `bloomfilter::conc_bloom::BloomFilter`, found tuple
Dec 01 23:57:29.799 INFO [stderr]    |
Dec 01 23:57:29.799 INFO [stderr]    = note: expected type `bloomfilter::conc_bloom::BloomFilter<u64>`
Dec 01 23:57:29.799 INFO [stderr]               found type `(_, _)`
Dec 01 23:57:29.799 INFO [stderr] 
Dec 01 23:57:29.847 INFO [stderr] error[E0609]: no field `1` on type `bloomfilter::conc_bloom::BloomFilter<u64>`
Dec 01 23:57:29.847 INFO [stderr]   --> src/bloomfilter/mod.rs:91:20
Dec 01 23:57:29.847 INFO [stderr]    |
Dec 01 23:57:29.847 INFO [stderr] 91 |         filters[0].1.cross_or(&mut f2);
Dec 01 23:57:29.847 INFO [stderr]    |                    ^ unknown field
Dec 01 23:57:29.847 INFO [stderr] 
Dec 01 23:57:29.859 INFO [stderr] error[E0308]: mismatched types
Dec 01 23:57:29.859 INFO [stderr]   --> src/bloomfilter/mod.rs:97:9
Dec 01 23:57:29.859 INFO [stderr]    |
Dec 01 23:57:29.859 INFO [stderr] 97 |     for (node, filter) in filters.into_iter() {
Dec 01 23:57:29.859 INFO [stderr]    |         ^^^^^^^^^^^^^^ expected struct `bloomfilter::conc_bloom::BloomFilter`, found tuple
Dec 01 23:57:29.859 INFO [stderr]    |
Dec 01 23:57:29.860 INFO [stderr]    = note: expected type `bloomfilter::conc_bloom::BloomFilter<u64>`
Dec 01 23:57:29.860 INFO [stderr]               found type `(_, _)`
Dec 01 23:57:29.860 INFO [stderr] 
Dec 01 23:57:30.098 INFO [stderr] error: aborting due to 3 previous errors
Dec 01 23:57:30.098 INFO [stderr] 
Dec 01 23:57:30.098 INFO [stderr] Some errors occurred: E0308, E0609.
Dec 01 23:57:30.099 INFO [stderr] For more information about an error, try `rustc --explain E0308`.
Dec 01 23:57:30.110 INFO [stderr] error: Could not compile `pseudoprimes`.
Dec 01 23:57:30.110 INFO [stderr] 
Dec 01 23:57:30.110 INFO [stderr] To learn more, run the command again with --verbose.
Dec 01 23:57:30.115 INFO [stderr] su: No module specific data is present
Dec 01 23:57:31.842 INFO running `"docker" "inspect" "f3a18a93216410f41fe07843182b8541519ef077e79bb32f1f1568aa7283eb53"`
Dec 01 23:57:32.215 INFO running `"docker" "rm" "-f" "f3a18a93216410f41fe07843182b8541519ef077e79bb32f1f1568aa7283eb53"`
Dec 01 23:57:32.555 INFO [stdout] f3a18a93216410f41fe07843182b8541519ef077e79bb32f1f1568aa7283eb53
